{"id":481,"date":"2017-08-06T11:51:08","date_gmt":"2017-08-06T09:51:08","guid":{"rendered":"http:\/\/10.80.100.77\/knorr\/?page_id=481"},"modified":"2025-12-12T15:34:27","modified_gmt":"2025-12-12T14:34:27","slug":"impressum","status":"publish","type":"page","link":"https:\/\/www.kpconsult.de\/index.php\/impressum\/","title":{"rendered":"Impressum"},"content":{"rendered":"<div class=\"flex_column av_one_full  flex_column_div av-zero-column-padding first  avia-builder-el-0  el_before_av_textblock  avia-builder-el-first  \" style='border-radius:0px; '><div  style='padding-bottom:10px; ' class='av-special-heading av-special-heading-h2    avia-builder-el-1  avia-builder-el-no-sibling  '><h2 class='av-special-heading-tag '  itemprop=\"headline\"  >Impressum<\/h2><div class='special-heading-border'><div class='special-heading-inner-border' ><\/div><\/div><\/div><\/div>\n<section class=\"av_textblock_section \"  itemscope=\"itemscope\" itemtype=\"https:\/\/schema.org\/CreativeWork\" ><div class='avia_textblock  '   itemprop=\"text\" ><p><strong>KPConsult GmbH \u00a0Ingenieure, Informatiker, IT-Consultants<br \/>\n<\/strong>Im Pinderpark 7,\u00a0D-90513 Zirndorf<br \/>\nSitz der Gesellschaft: F\u00fcrth, Amtsgericht F\u00fcrth HRB 22138<br \/>\nGesch\u00e4ftsf\u00fchrung: Lutz Ba\u00dfler, Michael Loos, Christoph Eischer<\/p>\n<p>Tel<code>\u00a0<\/code>+49 (0) 911 \/ 9 65 86 &#8211; 0<br \/>\nFax +49 (0) 911 \/ 9 65 86 &#8211; 298<br \/>\n<a href=\"mailto:info@kpconsult.de\">info@kpconsult.de<\/a><\/p>\n<p>Registernummer: PR 74<br \/>\nUStIdNr. gem. \u00a7 27a UStG: DE200739389<\/p>\n<p><strong>Bildernachweise:<\/strong><br \/>\nSecure internet data processing concept \u00a9 Nmedia\u00a0\u2013 Fotolia.com<br \/>\nIT Technician Works on Laptop next to a Server Cabinet in Big Data Center. He Runs Diagnostics and Maintenance, Sets System Up. \u00a9 Gorodenkoff \u2013 Fotolia.com<br \/>\nDSGVO als Ziel in einem Labyrinth als Erfolg Konzept \u00a9 Robert Kneschke\u00a0\u2013 Fotolia.com<br \/>\nRealisation<span style=\"color: #000000;\"> <a style=\"color: #000000;\" href=\"https:\/\/aleviva.de\" target=\"_blank\" rel=\"noopener\">Aleviva-Medien<\/a><\/span><\/p>\n<p><strong>Datenschutzerkl\u00e4rung:<\/strong><br \/>\n<a href=\"https:\/\/www.kpconsult.de\/index.php\/datenschutz\/\">Hier gelangen Sie zu unserer Datenschutzerkl\u00e4rung.<\/a><\/p>\n<\/div><\/section>\n","protected":false},"excerpt":{"rendered":"","protected":false},"author":2,"featured_media":0,"parent":0,"menu_order":0,"comment_status":"closed","ping_status":"closed","template":"","meta":{"footnotes":""},"class_list":["post-481","page","type-page","status-publish","hentry"],"_links":{"self":[{"href":"https:\/\/www.kpconsult.de\/index.php\/wp-json\/wp\/v2\/pages\/481"}],"collection":[{"href":"https:\/\/www.kpconsult.de\/index.php\/wp-json\/wp\/v2\/pages"}],"about":[{"href":"https:\/\/www.kpconsult.de\/index.php\/wp-json\/wp\/v2\/types\/page"}],"author":[{"embeddable":true,"href":"https:\/\/www.kpconsult.de\/index.php\/wp-json\/wp\/v2\/users\/2"}],"replies":[{"embeddable":true,"href":"https:\/\/www.kpconsult.de\/index.php\/wp-json\/wp\/v2\/comments?post=481"}],"version-history":[{"count":8,"href":"https:\/\/www.kpconsult.de\/index.php\/wp-json\/wp\/v2\/pages\/481\/revisions"}],"predecessor-version":[{"id":1461,"href":"https:\/\/www.kpconsult.de\/index.php\/wp-json\/wp\/v2\/pages\/481\/revisions\/1461"}],"wp:attachment":[{"href":"https:\/\/www.kpconsult.de\/index.php\/wp-json\/wp\/v2\/media?parent=481"}],"curies":[{"name":"wp","href":"https:\/\/api.w.org\/{rel}","templated":true}]}}