{"id":402,"date":"2017-08-06T11:41:07","date_gmt":"2017-08-06T09:41:07","guid":{"rendered":"http:\/\/10.80.100.77\/knorr\/?page_id=402"},"modified":"2025-11-14T15:56:50","modified_gmt":"2025-11-14T14:56:50","slug":"managed-security","status":"publish","type":"page","link":"https:\/\/www.kpconsult.de\/index.php\/managed-security\/","title":{"rendered":"Managed Security"},"content":{"rendered":"<div id='full_slider_1'  class='avia-fullwidth-slider main_color avia-shadow   avia-builder-el-0  el_before_av_one_full  avia-builder-el-first   container_wrap sidebar_right' style=' '  ><div   data-size='no scaling'  data-lightbox_size='large'  data-animation='slide'  data-conditional_play=''  data-ids='724,996'  data-video_counter='0'  data-autoplay='false'  data-bg_slider='false'  data-slide_height=''  data-handle='av_slideshow_full'  data-interval='5'  data-class=' '  data-el_id=''  data-css_id=''  data-scroll_down=''  data-control_layout='av-control-default'  data-custom_markup=''  data-perma_caption=''  data-autoplay_stopper=''  data-image_attachment=''  data-min_height='0px'  data-lazy_loading='disabled'  data-src=''  data-position='top left'  data-repeat='no-repeat'  data-attach='scroll'  data-stretch=''  class='avia-slideshow avia-slideshow-1  av-control-default av-default-height-applied avia-slideshow-no scaling av_slideshow_full   avia-slide-slider '  itemprop=\"image\" itemscope=\"itemscope\" itemtype=\"https:\/\/schema.org\/ImageObject\" ><ul class='avia-slideshow-inner ' style='padding-bottom: 33.333333333333%;' ><li  class=' av-single-slide slide-1 ' ><div data-rel='slideshow-1' class='avia-slide-wrap '   ><img decoding=\"async\" class=\"wp-image-996 avia-img-lazy-loading-not-996\"  src=\"https:\/\/www.kpconsult.de\/wp-content\/uploads\/sr_managedsecurity.jpg\" width=\"1500\" height=\"500\" title='sr_managedsecurity' alt=''  itemprop=\"thumbnailUrl\"   \/><\/div><\/li><\/ul><\/div><\/div><div id='after_full_slider_1'  class='main_color av_default_container_wrap container_wrap sidebar_right' style=' '  ><div class='container' ><div class='template-page content  av-content-small alpha units'><div class='post-entry post-entry-type-page post-entry-402'><div class='entry-content-wrapper clearfix'>\n<div class=\"flex_column av_one_full  flex_column_div av-zero-column-padding first  avia-builder-el-1  el_after_av_slideshow_full  avia-builder-el-no-sibling  \" style='border-radius:0px; '><p><div  style='padding-bottom:10px; ' class='av-special-heading av-special-heading-h2    avia-builder-el-2  el_before_av_textblock  avia-builder-el-first  '><h2 class='av-special-heading-tag '  itemprop=\"headline\"  >Managed Security<\/h2><div class='special-heading-border'><div class='special-heading-inner-border' ><\/div><\/div><\/div><br \/>\n<section class=\"av_textblock_section \"  itemscope=\"itemscope\" itemtype=\"https:\/\/schema.org\/CreativeWork\" ><div class='avia_textblock  '   itemprop=\"text\" ><p>Verantwortlicher Betrieb eines redundanten Firewallsystems und von abgesicherten Kommunikationsverbindungen via Internet.<\/p>\n<h3>Ausgangssituation<\/h3>\n<p>Ein Hersteller von K\u00fchlger\u00e4ten mit 500 Mitarbeitern an mehreren Standorten wurde aus seinem Mutterkonzern herausgel\u00f6st. Die gesamte WAN-Kommunikationsstruktur, die bisher \u00fcber den Mutterkonzern lief, musste daher neu aufgebaut werden.<br \/>\nEs waren vier Produktionsstandorte anderweitig zu koppeln sowie alle erforderlichen Remotezug\u00e4nge (ca. 100) f\u00fcr Gesch\u00e4ftspartner und externe Mitarbeiter auf eine neue Infrastruktur umzustellen.<br \/>\nKonzeption, Implementierung und Betrieb der neuen WAN-Infrastruktur sollten komplett nach au\u00dfen vergeben werden.<\/p>\n<h3>Aufgabenstellung<\/h3>\n<p>An die neue WAN-Struktur wurden die gleichen Anforderungen hinsichtlich Verf\u00fcgbarkeit und Sicherheit gestellt wie vom Mutterkonzern gewohnt. Deshalb kam nur eine hochverf\u00fcgbare L\u00f6sung in Betracht, die sich auch unter den ge\u00e4nderten Rahmenbedingungen wirtschaftlich vertreten lie\u00df.<br \/>\nUm die Leitungskosten zu minimieren, waren s\u00e4mtliche Au\u00dfenverbindungen via Internet \u00fcber VPN-Tunnel aufzubauen.<\/p>\n<h3>Umsetzung<\/h3>\n<p>F\u00fcr das Firewallsystem wurden zwei redundante Ger\u00e4te implementiert. Beide Ger\u00e4te laufen unter einer abgesicherten Linux-Variante, die KPConsult GmbH f\u00fcr solche Einsatzzwecke entwickelt hat. Die Redundanz ist als Hot-Standby ausgef\u00fchrt. Falls die prim\u00e4re Maschine ausf\u00e4llt, \u00fcbernimmt das andere Ger\u00e4t automatisch dessen Rolle.<br \/>\nDie Standortverbindungen wurden genauso wie die \u00fcbrigen Remoteverbindungen als SSL-Tunnel ausgef\u00fchrt. Die Verschl\u00fcsselung der Verbindungen findet \u00fcber X.509-Zertifikate statt, die \u00fcber die PKI von KPConsult GmbH ausgerollt und zentral verwaltet werden.<br \/>\nDie laufende \u00dcberwachung und Pflege der Systeme erfolgt per Fernzugriff durch das Netzwerkmanagement von KPConsult GmbH. Eingriffe seitens des Kunden sind nicht erforderlich.<\/p>\n<h3>Mehrwert f\u00fcr den Auftraggeber<\/h3>\n<p>Durch die Managed-Security-Vereinbarung mit KPConsult GmbH f\u00e4llt beim Auftraggeber keinerlei administrativer Aufwand an. Performance, Sicherheit und Verf\u00fcgbarkeit sind gew\u00e4hrleistet. Ein Sicherheitsaudit von unabh\u00e4ngiger Seite best\u00e4tigte das hohe Ma\u00df an Sicherheit.<\/p>\n<\/div><\/section><\/p><\/div>\n","protected":false},"excerpt":{"rendered":"","protected":false},"author":2,"featured_media":0,"parent":0,"menu_order":0,"comment_status":"closed","ping_status":"closed","template":"","meta":{"footnotes":""},"class_list":["post-402","page","type-page","status-publish","hentry"],"_links":{"self":[{"href":"https:\/\/www.kpconsult.de\/index.php\/wp-json\/wp\/v2\/pages\/402"}],"collection":[{"href":"https:\/\/www.kpconsult.de\/index.php\/wp-json\/wp\/v2\/pages"}],"about":[{"href":"https:\/\/www.kpconsult.de\/index.php\/wp-json\/wp\/v2\/types\/page"}],"author":[{"embeddable":true,"href":"https:\/\/www.kpconsult.de\/index.php\/wp-json\/wp\/v2\/users\/2"}],"replies":[{"embeddable":true,"href":"https:\/\/www.kpconsult.de\/index.php\/wp-json\/wp\/v2\/comments?post=402"}],"version-history":[{"count":3,"href":"https:\/\/www.kpconsult.de\/index.php\/wp-json\/wp\/v2\/pages\/402\/revisions"}],"predecessor-version":[{"id":1392,"href":"https:\/\/www.kpconsult.de\/index.php\/wp-json\/wp\/v2\/pages\/402\/revisions\/1392"}],"wp:attachment":[{"href":"https:\/\/www.kpconsult.de\/index.php\/wp-json\/wp\/v2\/media?parent=402"}],"curies":[{"name":"wp","href":"https:\/\/api.w.org\/{rel}","templated":true}]}}