{"id":365,"date":"2017-08-06T11:38:00","date_gmt":"2017-08-06T09:38:00","guid":{"rendered":"http:\/\/10.80.100.77\/knorr\/?page_id=365"},"modified":"2018-01-29T11:57:53","modified_gmt":"2018-01-29T10:57:53","slug":"virtualisierung","status":"publish","type":"page","link":"https:\/\/www.kpconsult.de\/index.php\/virtualisierung\/","title":{"rendered":"Virtualisierung"},"content":{"rendered":"<div id='full_slider_1'  class='avia-fullwidth-slider main_color avia-shadow   avia-builder-el-0  el_before_av_one_full  avia-builder-el-first   container_wrap sidebar_right' style=' '  ><div   data-size='featured_large'  data-lightbox_size='large'  data-animation='fade'  data-conditional_play=''  data-ids='991'  data-video_counter='0'  data-autoplay='true'  data-bg_slider='false'  data-slide_height=''  data-handle='av_slideshow_full'  data-interval='5'  data-class=' '  data-el_id=''  data-css_id=''  data-scroll_down=''  data-control_layout='av-control-minimal'  data-custom_markup=''  data-perma_caption=''  data-autoplay_stopper=''  data-image_attachment=''  data-min_height='0px'  data-lazy_loading='disabled'  data-src=''  data-position='top left'  data-repeat='no-repeat'  data-attach='scroll'  data-stretch=''  data-default-height='42'  class='avia-slideshow avia-slideshow-1  av-control-minimal av-default-height-applied avia-slideshow-featured_large av_slideshow_full   avia-fade-slider '  itemprop=\"image\" itemscope=\"itemscope\" itemtype=\"https:\/\/schema.org\/ImageObject\" ><ul class='avia-slideshow-inner ' style='padding-bottom: 33.333333333333%;' ><li  class=' av-single-slide slide-1 ' ><div data-rel='slideshow-1' class='avia-slide-wrap '   ><div class = \"caption_fullwidth av-slideshow-caption caption_left caption_left_framed caption_framed\"><div class = \"container caption_container\"><div class = \"slideshow_caption\"><div class = \"slideshow_inner_caption\"><div class = \"slideshow_align_caption\"><h2  class='avia-caption-title  '  itemprop=\"name\" >Von VMware\u00ae bis Hyper-V\u00ae<\/h2><div class='avia-caption-content  '  itemprop=\"description\"  ><p>Optimale Verf\u00fcgbarkeit und Hardware-Auslastung durch Virtualisierung: Wir garantieren den bestm\u00f6glichen Einsatz geeigneter L\u00f6sungen in Ihrer IT-Infrastruktur.<\/p>\n<\/div><a href='https:\/\/www.kpconsult.de\/index.php\/kontakt\/'  class='avia-slideshow-button avia-button avia-color-theme-color ' data-duration='800' data-easing='easeInOutQuad'>Anfrage senden<\/a><\/div><\/div><\/div><\/div><\/div><img decoding=\"async\" class=\"wp-image-991 avia-img-lazy-loading-not-991\"  src=\"https:\/\/www.kpconsult.de\/wp-content\/uploads\/sp_virtualisierung.jpg\" width=\"1500\" height=\"500\" title='sp_virtualisierung' alt=''  itemprop=\"thumbnailUrl\"   \/><\/div><\/li><\/ul><\/div><\/div><div id='after_full_slider_1'  class='main_color av_default_container_wrap container_wrap sidebar_right' style=' '  ><div class='container' ><div class='template-page content  av-content-small alpha units'><div class='post-entry post-entry-type-page post-entry-365'><div class='entry-content-wrapper clearfix'>\n<div class=\"flex_column av_one_full  flex_column_div av-zero-column-padding first  avia-builder-el-1  el_after_av_slideshow_full  avia-builder-el-no-sibling  \" style='border-radius:0px; '><p><div  style='padding-bottom:10px; ' class='av-special-heading av-special-heading-h2    avia-builder-el-2  el_before_av_textblock  avia-builder-el-first  '><h2 class='av-special-heading-tag '  itemprop=\"headline\"  >Virtualisierung<\/h2><div class='special-heading-border'><div class='special-heading-inner-border' ><\/div><\/div><\/div><br \/>\n<section class=\"av_textblock_section \"  itemscope=\"itemscope\" itemtype=\"https:\/\/schema.org\/CreativeWork\" ><div class='avia_textblock  '   itemprop=\"text\" ><p>Warum Virtualisierung? Mit diesem Verfahren lassen sich nicht nur Hardware-Ressourcen effektiver ausnutzen. Es zielt vor allem darauf ab, die Verf\u00fcgbarkeit der laufenden Anwendungen zu erh\u00f6hen.<\/p>\n<p>Doch Virtualisierung ist kein Allheilmittel f\u00fcr strukturelle Defizite, im Gegenteil. Um einen Mehrwert zu generieren, braucht es ein schl\u00fcssiges Konzept. Deshalb kl\u00e4ren wir im Vorfeld Ihres Projekts:<\/p>\n<ul>\n<li>Was wollen Sie erreichen?<\/li>\n<li>Welche L\u00f6sung ist Ihren Anforderungen angemessen?<\/li>\n<li>Welche Hardwareplattform eignet sich daf\u00fcr am besten?<\/li>\n<li>Wo werden die Daten der virtuellen Rechner gehalten?<\/li>\n<li>Welche Verf\u00fcgbarkeit soll das System bieten?<\/li>\n<li>Mit welchen Investitionskosten ist zu rechnen?<\/li>\n<li>Wie hoch ist der Integrationsaufwand?<\/li>\n<\/ul>\n<p>Ihre Vorteile:<\/p>\n<ul>\n<li>Sie erhalten herstellerunabh\u00e4ngig die passenden L\u00f6sungsvorschl\u00e4ge.<\/li>\n<li>Sie k\u00f6nnen mit unserer Unterst\u00fctzung Ihr Virtualisierungsprojekt planen und umsetzen.<\/li>\n<li>Sie vermeiden Implementierungsfehler und optimieren Performance und Verf\u00fcgbarkeit.<\/li>\n<li>Ihr Personal lernt durch Training on the Job, die virtuelle Umgebung zu administrieren und zu sichern.<\/li>\n<\/ul>\n<p>Als Spezialisten f\u00fcr Virtualisierungsprojekte arbeiten wir mit allen g\u00e4ngigen Plattformen. Damit Sie\u2019s gut haben.<\/p>\n<\/div><\/section><\/p><\/div>\n","protected":false},"excerpt":{"rendered":"","protected":false},"author":2,"featured_media":0,"parent":0,"menu_order":0,"comment_status":"closed","ping_status":"closed","template":"","meta":{"footnotes":""},"class_list":["post-365","page","type-page","status-publish","hentry"],"_links":{"self":[{"href":"https:\/\/www.kpconsult.de\/index.php\/wp-json\/wp\/v2\/pages\/365"}],"collection":[{"href":"https:\/\/www.kpconsult.de\/index.php\/wp-json\/wp\/v2\/pages"}],"about":[{"href":"https:\/\/www.kpconsult.de\/index.php\/wp-json\/wp\/v2\/types\/page"}],"author":[{"embeddable":true,"href":"https:\/\/www.kpconsult.de\/index.php\/wp-json\/wp\/v2\/users\/2"}],"replies":[{"embeddable":true,"href":"https:\/\/www.kpconsult.de\/index.php\/wp-json\/wp\/v2\/comments?post=365"}],"version-history":[{"count":2,"href":"https:\/\/www.kpconsult.de\/index.php\/wp-json\/wp\/v2\/pages\/365\/revisions"}],"predecessor-version":[{"id":1416,"href":"https:\/\/www.kpconsult.de\/index.php\/wp-json\/wp\/v2\/pages\/365\/revisions\/1416"}],"wp:attachment":[{"href":"https:\/\/www.kpconsult.de\/index.php\/wp-json\/wp\/v2\/media?parent=365"}],"curies":[{"name":"wp","href":"https:\/\/api.w.org\/{rel}","templated":true}]}}